 y. Calculate the highest common factor of 8 and g.
1
Suppose 3*g + 20 = y, 2*y - 1 = 2*g + 23. Calculate the highest common divisor of y and 2.
2
Suppose -38 = -3*l - 4*z, 0*l - 2*z = 5*l - 82. Let h be -3 + 10/2 - -4*49. Calculate the greatest common divisor of h and l.
18
Suppose 8*m = 9*m - 4. Let a(n) = n**3 - n**2 - 3*n - 4. Let w be a(m). Suppose 0 = -5*f + w - 2. Calculate the highest common factor of 4 and f.
2
Let w be (24/(-4))/(8/(-20)). Let c(h) = -h**2 + 19*h - 19. Let g be c(17). Let u = g - 0. Calculate the highest common divisor of u and w.
15
Suppose -3*y + 5 = 2, 4*m = 2*y + 166. Suppose -45*i = -42*i - m. Calculate the highest common divisor of 224 and i.
14
Let h(b) = -b + 11. Let y be h(8). Suppose -2070 = -y*g - 6*g. Calculate the highest common factor of g and 92.
46
Suppose 3*i - 1815 = -3*r, 3*i = -2 - 7. What is the highest common divisor of r and 19?
19
Suppose 0 = -5*y + 3*y + 6. Suppose 3*n + y*n = 174. Suppose 4*a = g + 131 + n, a - g = 40. Calculate the greatest common divisor of 16 and a.
8
Let a(s) = 5*s**2 - 8. Let v be a(-2). Calculate the highest common divisor of 54 and v.
6
Let u = 667 - 643. What is the highest common divisor of 72 and u?
24
Suppose 14*k - 15*k = -5*h + 214, -5*k - 81 = -2*h. Calculate the greatest common divisor of 1161 and h.
43
Suppose 5*u + 36 = 3*l, 0 = 2*u - 3*l - 2*l + 3. Let f be (-2)/(u/(351/2)). Calculate the greatest common divisor of f and 273.
39
Suppose 0 = -17*q + 184 - 31. Calculate the highest common factor of q and 45.
9
Suppose 2*k - 35 = 45. What is the highest common factor of k and 680?
40
Suppose 35*h + 2*h - 24605 = 0. What is the highest common factor of h and 35?
35
Let o = 57 - 32. Let a be (50/20)/((-1)/(-2)). Calculate the highest common factor of o and a.
5
Let d be (36/(-45))/((-2)/10). Suppose d*r - 14 = -2. Suppose 2*m + 5*g = 59, -r*g - 51 = -2*m - 0*m. What is the greatest common divisor of 3 and m?
3
Let u be (-98)/(-2) + 1*3. Let l = 13 - 13. Suppose 0 = w - l - 13. What is the highest common divisor of w and u?
13
Suppose 5*k + 4*q = -8, 0 = 4*k - 4*q + 4 + 24. Let w(f) = -19*f + 14. Let h be w(k). What is the greatest common factor of 10 and h?
10
Let m = -403 - -623. Calculate the greatest common factor of m and 80.
20
Let n(u) = -u**2 - 49*u - 1. Let f(r) = -16*r. Let w(o) = -8*f(o) + 3*n(o). Let b be w(-6). Calculate the highest common factor of 9 and b.
3
Let f = 65 - 63. Suppose 5*b = -3*z - 22 + 130, 4*b - 82 = f*z. Calculate the highest common factor of b and 147.
21
Suppose 0*a = -5*a - 3*k + 363, a = k + 71. What is the greatest common factor of 16 and a?
8
Let b(p) = -p**2 + 14*p - 3. Let x be b(9). Let q be x*(3 - 7/2). Let i = -4 - q. Calculate the greatest common factor of 85 and i.
17
Let v be -10*1/(-1)*1. Suppose -33*b + 28*b + 5*q = -50, 5*b - 50 = 4*q. Calculate the greatest common factor of v and b.
10
Let b(s) = -s**3 - 2*s**2 + 46*s - 7. Let g be b(-8). What is the greatest common divisor of g and 387?
9
Let o(h) = 10*h**3 + 2*h**2 + h. Let f be o(-1). Let g be (-381)/f - 1/3. Let q be (112/(-20))/(4/(-10)*1). Calculate the highest common factor of q and g.
14
Let u = -225 + 819. What is the highest common factor of 66 and u?
66
Suppose -5*w + n = 4*n - 35, 5*n - 35 = -5*w. Let a = 257 + -87. Suppose 20 = -4*u, 5*d - w*u + 3*u - a = 0. What is the greatest common divisor of d and 75?
15
Let a(d) be the third derivative of -1091*d**5/60 - d**3/6 - 4*d**2. Let j be a(-1). Let x be j/(-9) + 2/(-6). What is the greatest common factor of 11 and x?
11
Let s = -121 - -138. Calculate the greatest common factor of s and 1003.
17
Let t = -7 - -8. Let o(r) = 2*r + t - 2*r + r + 9*r**2. Let l be o(-2). Calculate the highest common divisor of l and 5.
5
Suppose y + 2 = 5*q, -2*q - q = -3. Suppose 17 = y*k - k - 3*u, 4*u + 18 = 2*k. Calculate the greatest common divisor of 21 and k.
7
Let x = -4 + 54. Let s be (-6)/4 + 18/4. Let k be -1*(4 - s) + 21. Calculate the greatest common factor of k and x.
10
Let z = -220 - -860. Calculate the highest common divisor of z and 10.
10
Suppose 0 = 3*u - 6, 2*p = 2*u + 498. Let m = p + -179. What is the greatest common divisor of 8 and m?
8
Suppose 5*m - 5*b + b = 658, -3*m - 2*b + 386 = 0. Calculate the highest common factor of 10 and m.
10
Let m = -16 + 18. Let y(p) = -4 + 5*p**m + 3*p - 1 + p**2 + p**3 + 1. Let h be y(-5). Calculate the greatest common factor of 9 and h.
3
Let c be 141/(-1) + (-1 + -1 - -5). Let u = 230 - c. Calculate the greatest common factor of u and 46.
46
Suppose 0 = 22*o - 231 - 143. Calculate the highest common factor of 3859 and o.
17
Let i(l) = 5*l**2 - 30*l - 29. Let c be i(7). Let b be (1 + 6)*(0 - -6). Calculate the highest common factor of c and b.
6
Let s(y) = y. Let d be s(-5). Let u be 2/2 + (-10)/d. Calculate the highest common divisor of u and 21.
3
Let z be 1 + 1 - (0 + 0). Suppose 10*h + 192 = -228. Let g be -2 - (z + h + 2). Calculate the highest common divisor of 90 and g.
18
Suppose 0 = 27*p - 34*p + 336. What is the highest common factor of p and 40?
8
Suppose 2*n + 2*o = 68, 4*n - 6*n + 3*o = -48. What is the highest common factor of 170 and n?
10
Suppose -t + 34 + 28 = 4*s, -s = 5*t - 291. Suppose 2*g - 42 = t. Suppose 0 = -2*q, 0*i + i - g = 4*q. Calculate the greatest common factor of i and 10.
10
Let f = -5 - -10. Suppose -r - 80 = -f*r. Calculate the highest common factor of 20 and r.
20
Suppose 4*o = -3*b - 9, -9*b = 2*o - 4*b + 15. Suppose 3*u - 18 = -4*h, 6 = -3*u - o. Calculate the greatest common factor of h and 6.
6
Suppose 2*j + 4 = -0*j. Let v be (-2 - -16) + (-4 - j). Calculate the highest common divisor of v and 12.
12
Let p(i) = 25*i - 10. Let y be p(8). Suppose y = 5*q - 525. Suppose 0 = 3*h + n - 35, 0 = -3*h + 6*h + 2*n - 31. What is the greatest common divisor of q and h?
13
Suppose 0 = 3*h + v - 1392, -3*h + 8*h - 2328 = v. Suppose 0*w = 5*f - 2*w - h, w = 4*f - 375. Calculate the highest common factor of 38 and f.
19
Suppose 0*w + 224 = 2*w. Suppose -3*x + 52 = -2*l + 10, l = 0. Calculate the highest common divisor of x and w.
14
Let t = -1170 - -1175. Calculate the greatest common divisor of 155 and t.
5
Suppose -14*v + 121 = -3*v. Calculate the highest common factor of v and 209.
11
Suppose -19*z - 7*z = -4446. What is the highest common factor of 36 and z?
9
Let d be (-18)/297 + (-3172)/(-66). What is the highest common divisor of d and 1752?
24
Let s be 2/(-5) + (-496)/(-40). Let o be (3 + (-8 - -3))*-1. Suppose o*w = -2*w + 432. What is the greatest common factor of s and w?
12
Let w(g) = 12 - g - 13*g + 6 + 0*g**2 + g**2. Let d be w(14). What is the highest common divisor of d and 4?
2
Suppose 16 = -6*p - 32. Let z(h) = 4*h + 34. Let q be z(p). Calculate the highest common divisor of q and 14.
2
Let m(q) = -q**3 + 7*q**2 + 7*q + 3. Let s be m(8). Let u be 4 - 5 - (s - -2). Let y be (u/(-6))/((-2)/12). What is the greatest common factor of y and 2?
2
Suppose -4*f - 5*j + 203 = 0, 0 = -2*f + 9*j - 13*j + 94. What is the greatest common divisor of f and 285?
57
Let m(i) = i**2 + 5*i + 1. Suppose -3*h = -13*h - 80. Let v be m(h). What is the highest common factor of v and 10?
5
Suppose -4*a - 47 = -7*a - 2*g, 44 = 2*a - 5*g. Suppose -58*b + 84*b = 4420. Calculate the highest common factor of b and a.
17
Let h(j) = j**2 - 11*j - 11. Let n be h(12). Suppose 2*p - 5 = 3*p - 2*d, -5*p - 5*d = 40. Let m = p + 13. What is the highest common divisor of m and n?
1
Let s be 4 + 15/(-3) + 3. Suppose -2*a + 10 = v, -s*a + 2 = -3*v - 0. Calculate the highest common factor of 52 and a.
4
Let b = 37 - 13. Let g = 102 + -54. What is the greatest common divisor of b and g?
24
Let r = -148 + 175. What is the greatest common divisor of 117 and r?
9
Let v = 1136 + -1104. What is the highest common factor of v and 32?
32
Suppose 0 = -3*t + 3*m + 18 + 453, -2*m = t - 172. Let h be (-19 + -3)*(-1 - 0). Let f = 40 - h. Calculate the greatest common divisor of t and f.
18
Suppose -5*d + 5*t = 43 + 112, 0 = 3*t. Let b be d/(-11) + -3 - 180/(-22). Calculate the highest common divisor of b and 16.
8
Suppose -7*a = 26*a - 1089. What is the greatest common divisor of a and 55?
11
Let y be (4*216)/((-3)/(-3)). Calculate the greatest common divisor of y and 27.
2